r of 111609 and 13482?
9
Calculate the highest common factor of 68427 and 7.
1
Calculate the greatest common factor of 10138 and 148629.
37
What is the highest common factor of 7874293 and 1162?
581
What is the highest common factor of 3369151 and 1385?
277
Calculate the greatest common factor of 120 and 151768920.
120
Calculate the highest common factor of 456297 and 345.
69
What is the greatest common factor of 2673 and 12559239?
297
Calculate the greatest common factor of 279882356 and 1118.
1118
What is the highest common divisor of 118445593 and 49?
49
What is the highest common factor of 66 and 4114594?
22
Calculate the greatest common factor of 55991 and 247689.
949
Calculate the highest common factor of 115956278 and 304.
38
What is the highest common divisor of 35900 and 379460?
20
Calculate the highest common divisor of 405414846 and 678.
678
Calculate the greatest common factor of 220966480 and 7840.
3920
What is the greatest common divisor of 241946797 and 29?
29
Calculate the greatest common divisor of 877083 and 417.
3
Calculate the highest common divisor of 45 and 1897005.
15
Calculate the highest common factor of 385589970 and 2916.
1458
What is the greatest common divisor of 1185712192 and 15232?
7616
What is the greatest common divisor of 28 and 7531062?
14
What is the highest common factor of 496 and 333163448?
248
What is the greatest common divisor of 146613884 and 2216?
1108
Calculate the highest common divisor of 17669309 and 49.
7
What is the greatest common factor of 358271 and 17871?
851
Calculate the greatest common factor of 70703224 and 1608.
536
What is the highest common divisor of 2092971 and 732?
183
What is the highest common divisor of 360 and 2612550?
30
Calculate the greatest common factor of 4000085 and 465.
155
Calculate the highest common divisor of 31117 and 425093.
37
Calculate the greatest common divisor of 180314 and 2487928.
2026
What is the greatest common factor of 64362 and 1306?
2
What is the greatest common factor of 247159341 and 297?
99
What is the highest common divisor of 2634 and 6702?
6
What is the highest common factor of 21760 and 99170560?
1280
Calculate the highest common divisor of 26183023 and 651159.
8039
Calculate the highest common factor of 40391921 and 1763.
43
What is the greatest common divisor of 32157 and 6723?
81
What is the greatest common factor of 10860 and 21080?
20
What is the greatest common factor of 1314876 and 6303331?
5767
What is the greatest common factor of 7161783494 and 8711?
8711
What is the greatest common factor of 11190 and 128542887?
1119
What is the greatest common divisor of 240 and 945752?
8
Calculate the highest common divisor of 13374091 and 1937.
149
What is the greatest common factor of 12591466 and 334?
334
What is the highest common factor of 68752 and 78974563?
4297
What is the greatest common factor of 11370770 and 2250?
10
What is the highest common factor of 417855 and 31305?
15
Calculate the greatest common divisor of 322 and 129066238.
14
What is the greatest common factor of 197474619 and 5934?
2967
Calculate the highest common factor of 16530 and 618070.
190
What is the highest common divisor of 745932264 and 252?
84
Calculate the highest common factor of 23353 and 112893.
121
Calculate the highest common factor of 596328 and 3840.
24
Calculate the greatest common factor of 710836 and 980.
28
What is the greatest common divisor of 474981958 and 7418?
7418
Calculate the highest common factor of 420 and 538482.
42
Calculate the greatest common factor of 2014596 and 2952.
36
Calculate the greatest common factor of 248890 and 790.
10
Calculate the greatest common factor of 18073 and 116.
1
Calculate the greatest common divisor of 4202 and 5128794.
22
What is the highest common divisor of 345384 and 7421?
41
Calculate the highest common factor of 1740928 and 1589084.
812
What is the highest common factor of 477937839 and 1821?
1821
Calculate the greatest common divisor of 364 and 474235424.
52
Calculate the greatest common factor of 1903 and 714836.
173
What is the greatest common divisor of 22 and 1245387?
11
What is the highest common factor of 2151675 and 129035?
655
What is the greatest common factor of 34488 and 50256?
72
What is the highest common factor of 84454513 and 12895?
2579
What is the highest common factor of 148484425 and 14441?
2063
Calculate the greatest common factor of 1183350 and 27738.
138
Calculate the highest common divisor of 54813 and 60.
3
Calculate the greatest common factor of 7965 and 56593095.
885
Calculate the highest common factor of 1500 and 9677820.
60
What is the greatest common factor of 32533615 and 1753865?
11615
Calculate the greatest common factor of 5036933 and 11.
11
What is the greatest common divisor of 7539140 and 20410?
1570
Calculate the greatest common factor of 3093702 and 4072.
1018
Calculate the highest common factor of 34 and 162139336.
34
What is the greatest common factor of 5229 and 105799519?
581
Calculate the greatest common factor of 18005 and 1935635.
65
What is the highest common divisor of 184304868 and 24?
12
What is the greatest common factor of 45379 and 2922013?
1973
Calculate the greatest common factor of 6628090 and 50.
10
What is the greatest common divisor of 25331507 and 4141?
101
Calculate the highest common factor of 365266 and 44.
22
What is the greatest common factor of 995841 and 2169?
9
Calculate the highest common factor of 35971 and 8865468.
2767
Calculate the greatest common factor of 3996 and 10164492.
1332
Calculate the highest common divisor of 161616259 and 19299.
6433
Calculate the highest common factor of 1750236 and 64998.
942
Calculate the highest common divisor of 97114 and 14750.
118
Calculate the greatest common divisor of 42 and 902997669.
21
What is the greatest common factor of 21099368 and 4460?
892
Calculate the highest common divisor of 383320 and 17920.
280
Calculate the highest common factor of 1020529550 and 1700.
850
Calculate the greatest common factor of 113 and 501194550.
113
Calculate the greatest common factor of 730528 and 164132.
148
What is the highest common factor of 13416 and 1113840?
312
Calculate the highest common factor of 300379340 and 40.
20
What is the greatest common factor of 273 and 6844188?
39
What is the greatest common divisor of 43276882 and 1095?
73
Calculate the greatest common factor of 2623 and 377540.
43
What is the greatest common divisor of 1560 and 21608340?
780
What is the greatest common divisor of 574314 and 894?
6
What is the highest common divisor of 11867136 and 2236677?
11589
Calculate the greatest common factor of 20980066 and 76.
38
Calculate the greatest common divisor of 592 and 8625033.
37
What is the highest common factor of 98515 and 51969?
17
What is the greatest common factor of 850 and 344930?
170
What is the greatest common factor of 973857 and 51?
3
Calculate the greatest common divisor of 146257 and 24127.
23
Calculate the highest common divisor of 23437 and 5937713.
1019
What is the greatest common factor of 11433088 and 13962?
358
Calculate the highest common divisor of 48544153 and 5271.
1757
Calculate the greatest common divisor of 226 and 47588.
2
What is the highest common divisor of 72482 and 26?
2
Calculate the greatest common factor of 14352 and 3285780.
276
What is the highest common factor of 2552 and 104450344?
232
Calculate the greatest common factor of 3952 and 607867.
247
What is the highest common divisor of 170589536 and 16?
16
What is the highest common factor of 2612148 and 40656?
10164
What is the highest common factor of 30 and 106444510?
10
Calculate the greatest common divisor of 11328034 and 21902.
94
Calculate the greatest common factor of 745193 and 332153.
1721
What is the highest common divisor of 61290395 and 355?
355
Calculate the highest common divisor of 776436 and 2581.
89
Calculate the greatest common divisor of 1382 and 184881196.
1382
Calculate the greatest common divisor of 1411 and 876163.
17
Calculate the greatest common factor of 3820 and 67300.
20
Calculate the highest common divisor of 120367152 and 6588.
2196
Calculate the highest common factor of 15192518 and 2299.
121
What is the highest common factor of 501218669 and 3948?
329
Calculate the